{"id":1723,"date":"2018-11-05T15:12:09","date_gmt":"2018-11-05T15:12:09","guid":{"rendered":"http:\/\/jaegerverein-safien.ch\/?page_id=1723"},"modified":"2020-01-30T11:32:55","modified_gmt":"2020-01-30T11:32:55","slug":"rechtsgrundlagen","status":"publish","type":"page","link":"http:\/\/jaegerverein-safien.ch\/?page_id=1723","title":{"rendered":"Rechtsgrundlagen"},"content":{"rendered":"<p><a href=\"http:\/\/jaegerverein-safien.ch\/wp-content\/uploads\/2018\/07\/Regelung_von_Jagdhilfen_auf_dem_Gebiet_der_Gemeinde_Safiental.pdf\" target=\"_blank\" rel=\"noopener noreferrer\">Regelung von Jagdhilfen auf dem Gebiet der Gemeinde Safiental<\/a><\/p>\n<p><a href=\"http:\/\/\/\/www.admin.ch\/opc\/de\/classified-compilation\/19860156\/index.html\" target=\"_blank\" rel=\"noopener noreferrer\" data-wplink-url-error=\"true\">Bundesgesetz \u00fcber die Jagd (JSG)<\/a><\/p>\n<p><a href=\"http:\/\/www.admin.ch\/opc\/de\/classified-compilation\/19880042\/index.html\" target=\"_blank\" rel=\"noopener noreferrer\">Verordnung \u00fcber die Jagd (JSV)<\/a><\/p>\n<p><a href=\"http:\/\/www.gr-lex.gr.ch\/app\/de\/texts_of_law\/740.000\" target=\"_blank\" rel=\"noopener noreferrer\">Kantonales Jagdgesetz<\/a><\/p>\n<p><a href=\"http:\/\/www.gr-lex.gr.ch\/app\/de\/texts_of_law\/740.010\" target=\"_blank\" rel=\"noopener noreferrer\">Kantonale Jagdverordnung<\/a><\/p>\n<p><a href=\"http:\/\/www.gr-lex.gr.ch\/app\/de\/texts_of_law\/740.020\" target=\"_blank\" rel=\"noopener noreferrer\">Regierungsr\u00e4tliche Jagdverordnung<\/a><\/p>\n<p><a href=\"http:\/\/www.gr-lex.gr.ch\/app\/de\/texts_of_law\/740.030\" target=\"_blank\" rel=\"noopener noreferrer\">Verordnung Ordnungsbussen<\/a><\/p>\n<p><a href=\"http:\/\/www.gr-lex.gr.ch\/app\/de\/texts_of_law\/740.060\" target=\"_blank\" rel=\"noopener noreferrer\">Verordnung Jagdpatentgeb\u00fchren<\/a><\/p>\n<p><a href=\"http:\/\/www.gr-lex.gr.ch\/app\/de\/texts_of_law\/740.110\" target=\"_blank\" rel=\"noopener noreferrer\">Verordnung \u00fcber die Schiesspflicht<\/a><\/p>\n","protected":false},"excerpt":{"rendered":"<p>Regelung von Jagdhilfen auf dem Gebiet der Gemeinde Safiental Bundesgesetz \u00fcber die Jagd (JSG) Verordnung \u00fcber die Jagd (JSV) Kantonales Jagdgesetz Kantonale Jagdverordnung Regierungsr\u00e4tliche Jagdverordnung Verordnung Ordnungsbussen Verordnung Jagdpatentgeb\u00fchren Verordnung \u00fcber die Schiesspflicht<\/p>\n","protected":false},"author":2,"featured_media":0,"parent":0,"menu_order":0,"comment_status":"closed","ping_status":"closed","template":"","meta":{"footnotes":""},"class_list":["post-1723","page","type-page","status-publish","hentry"],"_links":{"self":[{"href":"http:\/\/jaegerverein-safien.ch\/index.php?rest_route=\/wp\/v2\/pages\/1723","targetHints":{"allow":["GET"]}}],"collection":[{"href":"http:\/\/jaegerverein-safien.ch\/index.php?rest_route=\/wp\/v2\/pages"}],"about":[{"href":"http:\/\/jaegerverein-safien.ch\/index.php?rest_route=\/wp\/v2\/types\/page"}],"author":[{"embeddable":true,"href":"http:\/\/jaegerverein-safien.ch\/index.php?rest_route=\/wp\/v2\/users\/2"}],"replies":[{"embeddable":true,"href":"http:\/\/jaegerverein-safien.ch\/index.php?rest_route=%2Fwp%2Fv2%2Fcomments&post=1723"}],"version-history":[{"count":11,"href":"http:\/\/jaegerverein-safien.ch\/index.php?rest_route=\/wp\/v2\/pages\/1723\/revisions"}],"predecessor-version":[{"id":2394,"href":"http:\/\/jaegerverein-safien.ch\/index.php?rest_route=\/wp\/v2\/pages\/1723\/revisions\/2394"}],"wp:attachment":[{"href":"http:\/\/jaegerverein-safien.ch\/index.php?rest_route=%2Fwp%2Fv2%2Fmedia&parent=1723"}],"curies":[{"name":"wp","href":"https:\/\/api.w.org\/{rel}","templated":true}]}}