{"id":3080,"date":"2023-01-27T21:00:44","date_gmt":"2023-01-27T21:00:44","guid":{"rendered":"http:\/\/jaegerverein-safien.ch\/?page_id=3080"},"modified":"2026-03-31T19:00:41","modified_gmt":"2026-03-31T19:00:41","slug":"jahresprogram-2023","status":"publish","type":"page","link":"http:\/\/jaegerverein-safien.ch\/?page_id=3080","title":{"rendered":"Jahresprogramm 2026"},"content":{"rendered":"\n<div class=\"wp-block-file\"><a id=\"wp-block-file--media-af8bec64-efd7-4aec-956c-fd42623e8f33\" href=\"http:\/\/jaegerverein-safien.ch\/wp-content\/uploads\/2026\/01\/Jahresprogramm-2026.pdf\" target=\"_blank\" rel=\"noreferrer noopener\">Jahresprogramm 2026<\/a><a href=\"http:\/\/jaegerverein-safien.ch\/wp-content\/uploads\/2026\/01\/Jahresprogramm-2026.pdf\" class=\"wp-block-file__button wp-element-button\" download aria-describedby=\"wp-block-file--media-af8bec64-efd7-4aec-956c-fd42623e8f33\">Herunterladen<\/a><\/div>\n\n\n\n<p><\/p>\n\n\n\n<p><strong>Sa. 7. Februar<\/strong><\/p>\n\n\n\n<p>Familienabend Sektion Safien, Rest. Rathaus Safien Platz<\/p>\n\n\n\n<p><strong>Sa. xx. M\u00e4rz<\/strong><\/p>\n\n\n\n<p>Pr\u00e4sidentenkonferenz BKPJV, Tiefencastel<\/p>\n\n\n\n<p><strong>Fr. 27. M\u00e4rz <\/strong><\/p>\n\n\n\n<p>Generalversammlung J\u00e4gerverein Safien, Rest. Rathaus Safien Platz<\/p>\n\n\n\n<p><strong>Sa. 14. M\u00e4rz<\/strong><\/p>\n\n\n\n<p>B\u00fcndner Fellmarkt 2025, Thusis<\/p>\n\n\n\n<p><strong>Sa. 11. April<\/strong><\/p>\n\n\n\n<p>Einrichten und Vorbereiten Schiessanlage Islabord Versam<\/p>\n\n\n\n<p><strong>Sa. 23. Mai<\/strong><\/p>\n\n\n\n<p>DV BKPJV 2025 in Disentis\/Must\u00e9r<\/p>\n\n\n\n<p><strong>Sa. 30. Mai<\/strong> (voraussichtlich)<\/p>\n\n\n\n<p>Einrichten und Vorbereiten Jagdstand Islabord Versam<\/p>\n\n\n\n<p><strong>Do. 4. Juni<\/strong><\/p>\n\n\n\n<p>Start Trainingsschiessen Jagdstand Islabord Versam<\/p>\n\n\n\n<p><strong>Sa. 13. Juni<\/strong><\/p>\n\n\n\n<p>Hegetag Schofalpa<\/p>\n\n\n\n<p><strong>Sa. 7. Juli<\/strong><\/p>\n\n\n\n<p>Hegetag Gadastettli<\/p>\n\n\n\n<p><strong>Fr. 14. August<\/strong><\/p>\n\n\n\n<p>Internes Trainingsschiessen (nur f\u00fcr Mitglieder) mit anschliessendem H\u00f6ck<\/p>\n\n\n\n<p><strong>Do. xx. August<\/strong><\/p>\n\n\n\n<p>Thaler M\u00e4rt<\/p>\n\n\n\n<p><strong>Do. 27. August <\/strong><\/p>\n\n\n\n<p>Abschluss Trainingsschiessen mit anschliessender Preisverleihung der Standmeisterschaft mit Verlosung der Jagdpatente und H\u00f6ck<\/p>\n\n\n\n<p><strong>Sa. 24. Oktober<\/strong> (voraussichtlich)<\/p>\n\n\n\n<p>Einwintern der Jagdschiessanlage Islabord Versam<\/p>\n\n\n\n<p><strong>Januar 2027<\/strong><\/p>\n\n\n\n<p>Hegeessen 2026<\/p>\n","protected":false},"excerpt":{"rendered":"<p>Sa. 7. Februar Familienabend Sektion Safien, Rest. Rathaus Safien Platz Sa. xx. M\u00e4rz Pr\u00e4sidentenkonferenz BKPJV, Tiefencastel Fr. 27. M\u00e4rz Generalversammlung J\u00e4gerverein Safien, Rest. Rathaus Safien Platz Sa. 14. M\u00e4rz B\u00fcndner Fellmarkt 2025, Thusis Sa. 11. April Einrichten und Vorbereiten Schiessanlage Islabord Versam Sa. 23. Mai DV BKPJV 2025 in Disentis\/Must\u00e9r Sa. 30. Mai (voraussichtlich) Einrichten &hellip; <\/p>\n<p class=\"link-more\"><a href=\"http:\/\/jaegerverein-safien.ch\/?page_id=3080\" class=\"more-link\"><span class=\"screen-reader-text\">\u201eJahresprogramm 2026\u201c<\/span> weiterlesen<\/a><\/p>\n","protected":false},"author":2,"featured_media":0,"parent":0,"menu_order":0,"comment_status":"closed","ping_status":"closed","template":"","meta":{"footnotes":""},"class_list":["post-3080","page","type-page","status-publish","hentry"],"_links":{"self":[{"href":"http:\/\/jaegerverein-safien.ch\/index.php?rest_route=\/wp\/v2\/pages\/3080","targetHints":{"allow":["GET"]}}],"collection":[{"href":"http:\/\/jaegerverein-safien.ch\/index.php?rest_route=\/wp\/v2\/pages"}],"about":[{"href":"http:\/\/jaegerverein-safien.ch\/index.php?rest_route=\/wp\/v2\/types\/page"}],"author":[{"embeddable":true,"href":"http:\/\/jaegerverein-safien.ch\/index.php?rest_route=\/wp\/v2\/users\/2"}],"replies":[{"embeddable":true,"href":"http:\/\/jaegerverein-safien.ch\/index.php?rest_route=%2Fwp%2Fv2%2Fcomments&post=3080"}],"version-history":[{"count":18,"href":"http:\/\/jaegerverein-safien.ch\/index.php?rest_route=\/wp\/v2\/pages\/3080\/revisions"}],"predecessor-version":[{"id":4564,"href":"http:\/\/jaegerverein-safien.ch\/index.php?rest_route=\/wp\/v2\/pages\/3080\/revisions\/4564"}],"wp:attachment":[{"href":"http:\/\/jaegerverein-safien.ch\/index.php?rest_route=%2Fwp%2Fv2%2Fmedia&parent=3080"}],"curies":[{"name":"wp","href":"https:\/\/api.w.org\/{rel}","templated":true}]}}