{"id":51,"date":"2018-07-20T09:39:19","date_gmt":"2018-07-20T09:39:19","guid":{"rendered":"http:\/\/wp.jaegerverein-safien.ch\/?page_id=51"},"modified":"2020-02-03T20:17:19","modified_gmt":"2020-02-03T20:17:19","slug":"schiessen","status":"publish","type":"page","link":"http:\/\/jaegerverein-safien.ch\/?page_id=51","title":{"rendered":"Schiesswesen"},"content":{"rendered":"\n<div class=\"wp-block-image\"><figure class=\"aligncenter is-resized\"><img loading=\"lazy\" decoding=\"async\" src=\"http:\/\/jaegerverein-safien.ch\/wp-content\/uploads\/2018\/08\/0004_2352-300x200.jpg\" alt=\"\" class=\"wp-image-1198\" width=\"406\" height=\"268\"\/><\/figure><\/div>\n\n\n\n<div class=\"wp-block-image\"><figure class=\"aligncenter is-resized\"><img loading=\"lazy\" decoding=\"async\" src=\"http:\/\/jaegerverein-safien.ch\/wp-content\/uploads\/2018\/08\/0006_-1-300x200.jpg\" alt=\"\" class=\"wp-image-1200\" width=\"408\" height=\"274\"\/><\/figure><\/div>\n\n\n\n<p><strong>Willkommen auf der Schiessanlage Islabord in Versam.\u00a0<\/strong><\/p>\n\n\n\n<p>Unser Jagdstand ist in der regionalen Schiessanlage Versam integriert. Die Schiessanlage wurde f\u00fcr die Sch\u00fctzen und J\u00e4ger aus den ehemaligen Gemeinden Safien, Tenna, Valendas und Versam erweitert. Seit dem 1. Januar 2013 haben diese vier Gemeinden fusioniert und die neue Gemeinde tr\u00e4gt jetzt den Namen Safiental.<\/p>\n\n\n\n<p>Unsere Schiess\u00fcbungen finden gemeinsam mit den 300m-Sch\u00fctzen jeweils am Donnerstagabend von 18:00\u201321:00 Uhr statt. Parkpl\u00e4tze sind gen\u00fcgend vorhanden. J\u00e4gerinnen, J\u00e4ger und Jagdkandidaten aus anderen Sektionen sind bei uns herzlich willkommen.<\/p>\n","protected":false},"excerpt":{"rendered":"<p>Willkommen auf der Schiessanlage Islabord in Versam.\u00a0 Unser Jagdstand ist in der regionalen Schiessanlage Versam integriert. Die Schiessanlage wurde f\u00fcr die Sch\u00fctzen und J\u00e4ger aus den ehemaligen Gemeinden Safien, Tenna, Valendas und Versam erweitert. Seit dem 1. Januar 2013 haben diese vier Gemeinden fusioniert und die neue Gemeinde tr\u00e4gt jetzt den Namen Safiental. Unsere Schiess\u00fcbungen &hellip; <\/p>\n<p class=\"link-more\"><a href=\"http:\/\/jaegerverein-safien.ch\/?page_id=51\" class=\"more-link\"><span class=\"screen-reader-text\">\u201eSchiesswesen\u201c<\/span> weiterlesen<\/a><\/p>\n","protected":false},"author":2,"featured_media":0,"parent":0,"menu_order":0,"comment_status":"closed","ping_status":"closed","template":"","meta":{"footnotes":""},"class_list":["post-51","page","type-page","status-publish","hentry"],"_links":{"self":[{"href":"http:\/\/jaegerverein-safien.ch\/index.php?rest_route=\/wp\/v2\/pages\/51","targetHints":{"allow":["GET"]}}],"collection":[{"href":"http:\/\/jaegerverein-safien.ch\/index.php?rest_route=\/wp\/v2\/pages"}],"about":[{"href":"http:\/\/jaegerverein-safien.ch\/index.php?rest_route=\/wp\/v2\/types\/page"}],"author":[{"embeddable":true,"href":"http:\/\/jaegerverein-safien.ch\/index.php?rest_route=\/wp\/v2\/users\/2"}],"replies":[{"embeddable":true,"href":"http:\/\/jaegerverein-safien.ch\/index.php?rest_route=%2Fwp%2Fv2%2Fcomments&post=51"}],"version-history":[{"count":3,"href":"http:\/\/jaegerverein-safien.ch\/index.php?rest_route=\/wp\/v2\/pages\/51\/revisions"}],"predecessor-version":[{"id":2418,"href":"http:\/\/jaegerverein-safien.ch\/index.php?rest_route=\/wp\/v2\/pages\/51\/revisions\/2418"}],"wp:attachment":[{"href":"http:\/\/jaegerverein-safien.ch\/index.php?rest_route=%2Fwp%2Fv2%2Fmedia&parent=51"}],"curies":[{"name":"wp","href":"https:\/\/api.w.org\/{rel}","templated":true}]}}